{"id":264,"date":"2022-02-28T13:06:09","date_gmt":"2022-02-28T13:06:09","guid":{"rendered":"https:\/\/niedtalexpress.de\/?page_id=264"},"modified":"2022-08-09T15:10:56","modified_gmt":"2022-08-09T15:10:56","slug":"eisenbahnbetrieb","status":"publish","type":"page","link":"https:\/\/niedtalexpress.de\/?page_id=264","title":{"rendered":"Eisenbahnbetrieb"},"content":{"rendered":"\n<p>Die Eisenbahnverbindung zwischen Bouzonville und Dillingen (Saar) war sowohl f\u00fcr den Personenverkehr wie auch f\u00fcr den G\u00fcterverkehr eingerichtet. Es gab zeitweilig auch einen Bahnpostverkehr. Mit einer Oberleitung wurde die Strecke trotz ihrer zeitweiligen Bedeutung nicht ausger\u00fcstet. Im Folgenden werden nach einem Blick auf die eingesetzte Sicherungstechnik wesentliche Merkmale des Eisenbahnbetriebes nach Personenverkehr <\/p>\n\n\n\n<figure class=\"wp-block-image size-large is-style-default\"><img loading=\"lazy\" decoding=\"async\" width=\"1024\" height=\"768\" src=\"https:\/\/niedtalexpress.de\/wp-content\/uploads\/2022\/04\/Schuelerzug-2018-SDL-1024x768.jpg\" alt=\"\" class=\"wp-image-347\" srcset=\"https:\/\/niedtalexpress.de\/wp-content\/uploads\/2022\/04\/Schuelerzug-2018-SDL-1024x768.jpg 1024w, https:\/\/niedtalexpress.de\/wp-content\/uploads\/2022\/04\/Schuelerzug-2018-SDL-300x225.jpg 300w, https:\/\/niedtalexpress.de\/wp-content\/uploads\/2022\/04\/Schuelerzug-2018-SDL-768x576.jpg 768w, https:\/\/niedtalexpress.de\/wp-content\/uploads\/2022\/04\/Schuelerzug-2018-SDL-1536x1152.jpg 1536w, https:\/\/niedtalexpress.de\/wp-content\/uploads\/2022\/04\/Schuelerzug-2018-SDL-2048x1536.jpg 2048w, https:\/\/niedtalexpress.de\/wp-content\/uploads\/2022\/04\/Schuelerzug-2018-SDL-2000x1500.jpg 2000w\" sizes=\"(max-width: 1024px) 100vw, 1024px\" \/><figcaption>Der &#8222;Sch\u00fclerzug&#8220; erreicht an einem Morgen im April 2018 den Bahnhof Dillingen (Saar).<\/figcaption><\/figure>\n\n\n\n<p>und G\u00fcterverkehr differenziert vorgestellt.<\/p>\n\n\n\n<figure class=\"wp-block-image size-large is-style-default\"><img loading=\"lazy\" decoding=\"async\" width=\"1024\" height=\"768\" src=\"https:\/\/niedtalexpress.de\/wp-content\/uploads\/2022\/04\/DE6312F-XFBZV20130903-1024x768.jpg\" alt=\"\" class=\"wp-image-349\" srcset=\"https:\/\/niedtalexpress.de\/wp-content\/uploads\/2022\/04\/DE6312F-XFBZV20130903-1024x768.jpg 1024w, https:\/\/niedtalexpress.de\/wp-content\/uploads\/2022\/04\/DE6312F-XFBZV20130903-300x225.jpg 300w, https:\/\/niedtalexpress.de\/wp-content\/uploads\/2022\/04\/DE6312F-XFBZV20130903-768x576.jpg 768w, https:\/\/niedtalexpress.de\/wp-content\/uploads\/2022\/04\/DE6312F-XFBZV20130903-1536x1152.jpg 1536w, https:\/\/niedtalexpress.de\/wp-content\/uploads\/2022\/04\/DE6312F-XFBZV20130903-2048x1536.jpg 2048w, https:\/\/niedtalexpress.de\/wp-content\/uploads\/2022\/04\/DE6312F-XFBZV20130903-2000x1500.jpg 2000w\" sizes=\"(max-width: 1024px) 100vw, 1024px\" \/><figcaption>DE 6312 F rangiert im September 2013 in Bouzonville an den Brammenzug, um ihn in wenigen Minuten durch das Niedtal nach Dillingen (Saar) zu ziehen.<\/figcaption><\/figure>\n\n\n\n<p>Ferner wird ein Ausblick auf die Zukunftsperspektiven der Niedtalbahn gegeben. Lesen Sie mehr in den Kapiteln<\/p>\n\n\n\n<ul><li><a href=\"https:\/\/niedtalexpress.de\/?page_id=293\" data-type=\"page\" data-id=\"293\">Sicherungstechnik<\/a><\/li><li><a href=\"https:\/\/niedtalexpress.de\/?page_id=269\" data-type=\"page\" data-id=\"269\">Personenverkehr<\/a><\/li><li><a href=\"https:\/\/niedtalexpress.de\/?page_id=280\" data-type=\"page\" data-id=\"280\">G\u00fcterverkehr<\/a><\/li><li><a href=\"https:\/\/niedtalexpress.de\/?page_id=480\" data-type=\"page\" data-id=\"480\">Zukunftsperspektiven<\/a><\/li><\/ul>\n","protected":false},"excerpt":{"rendered":"<p>Die Eisenbahnverbindung zwischen Bouzonville und Dillingen (Saar) war sowohl f\u00fcr den Personenverkehr wie auch f\u00fcr den G\u00fcterverkehr eingerichtet. Es gab zeitweilig auch einen Bahnpostverkehr. Mit einer Oberleitung wurde die Strecke trotz ihrer zeitweiligen Bedeutung nicht ausger\u00fcstet. Im Folgenden werden nach einem Blick auf die eingesetzte Sicherungstechnik wesentliche Merkmale des Eisenbahnbetriebes nach Personenverkehr und G\u00fcterverkehr differenziert &hellip; <\/p>\n<p class=\"link-more\"><a href=\"https:\/\/niedtalexpress.de\/?page_id=264\" class=\"more-link\">Mehr <span class=\"screen-reader-text\">\u00fcber &#8222;Eisenbahnbetrieb&#8220; <\/span>Lesen<\/a><\/p>\n","protected":false},"author":1,"featured_media":0,"parent":0,"menu_order":0,"comment_status":"closed","ping_status":"closed","template":"","meta":{"footnotes":""},"_links":{"self":[{"href":"https:\/\/niedtalexpress.de\/index.php?rest_route=\/wp\/v2\/pages\/264"}],"collection":[{"href":"https:\/\/niedtalexpress.de\/index.php?rest_route=\/wp\/v2\/pages"}],"about":[{"href":"https:\/\/niedtalexpress.de\/index.php?rest_route=\/wp\/v2\/types\/page"}],"author":[{"embeddable":true,"href":"https:\/\/niedtalexpress.de\/index.php?rest_route=\/wp\/v2\/users\/1"}],"replies":[{"embeddable":true,"href":"https:\/\/niedtalexpress.de\/index.php?rest_route=%2Fwp%2Fv2%2Fcomments&post=264"}],"version-history":[{"count":8,"href":"https:\/\/niedtalexpress.de\/index.php?rest_route=\/wp\/v2\/pages\/264\/revisions"}],"predecessor-version":[{"id":510,"href":"https:\/\/niedtalexpress.de\/index.php?rest_route=\/wp\/v2\/pages\/264\/revisions\/510"}],"wp:attachment":[{"href":"https:\/\/niedtalexpress.de\/index.php?rest_route=%2Fwp%2Fv2%2Fmedia&parent=264"}],"curies":[{"name":"wp","href":"https:\/\/api.w.org\/{rel}","templated":true}]}}